{"id":9617,"date":"2021-03-22T14:30:45","date_gmt":"2021-03-22T13:30:45","guid":{"rendered":"https:\/\/mro.si\/mro20\/wp-content\/uploads\/2021\/03\/4-slovenska-pec-odprtje-zascitne-stavbe_-4.-okt.-1954.jpg"},"modified":"2021-03-22T14:30:45","modified_gmt":"2021-03-22T13:30:45","slug":"4-slovenska-pec-odprtje-zascitne-stavbe_-4-okt-1954-2","status":"inherit","type":"attachment","link":"https:\/\/mro.si\/en\/4-slovenska-pec-odprtje-zascitne-stavbe_-4-okt-1954-2","title":{"rendered":"4 slovenska pe\u010d-odprtje za\u0161\u010ditne stavbe_ 4. okt. 1954"},"author":3,"featured_media":0,"comment_status":"open","ping_status":"closed","template":"","meta":[],"class_list":["post-9617","attachment","type-attachment","status-inherit","hentry"],"description":{"rendered":"<p class=\"attachment\"><a data-rel=\"iLightbox[postimages]\" data-title=\"\" data-caption=\"\" href='https:\/\/mro.si\/mro20\/wp-content\/uploads\/2021\/03\/4-slovenska-pec-odprtje-zascitne-stavbe_-4.-okt.-1954-scaled.jpg'><img decoding=\"async\" width=\"300\" height=\"193\" src=\"https:\/\/mro.si\/mro20\/wp-content\/uploads\/2021\/03\/4-slovenska-pec-odprtje-zascitne-stavbe_-4.-okt.-1954-300x193.jpg\" class=\"attachment-medium size-medium\" alt=\"\" srcset=\"https:\/\/mro.si\/mro20\/wp-content\/uploads\/2021\/03\/4-slovenska-pec-odprtje-zascitne-stavbe_-4.-okt.-1954-200x129.jpg 200w, https:\/\/mro.si\/mro20\/wp-content\/uploads\/2021\/03\/4-slovenska-pec-odprtje-zascitne-stavbe_-4.-okt.-1954-300x193.jpg 300w, https:\/\/mro.si\/mro20\/wp-content\/uploads\/2021\/03\/4-slovenska-pec-odprtje-zascitne-stavbe_-4.-okt.-1954-400x257.jpg 400w, https:\/\/mro.si\/mro20\/wp-content\/uploads\/2021\/03\/4-slovenska-pec-odprtje-zascitne-stavbe_-4.-okt.-1954-460x295.jpg 460w, https:\/\/mro.si\/mro20\/wp-content\/uploads\/2021\/03\/4-slovenska-pec-odprtje-zascitne-stavbe_-4.-okt.-1954-600x386.jpg 600w, https:\/\/mro.si\/mro20\/wp-content\/uploads\/2021\/03\/4-slovenska-pec-odprtje-zascitne-stavbe_-4.-okt.-1954-768x494.jpg 768w, https:\/\/mro.si\/mro20\/wp-content\/uploads\/2021\/03\/4-slovenska-pec-odprtje-zascitne-stavbe_-4.-okt.-1954-800x515.jpg 800w, https:\/\/mro.si\/mro20\/wp-content\/uploads\/2021\/03\/4-slovenska-pec-odprtje-zascitne-stavbe_-4.-okt.-1954-1024x659.jpg 1024w, https:\/\/mro.si\/mro20\/wp-content\/uploads\/2021\/03\/4-slovenska-pec-odprtje-zascitne-stavbe_-4.-okt.-1954-1200x772.jpg 1200w, https:\/\/mro.si\/mro20\/wp-content\/uploads\/2021\/03\/4-slovenska-pec-odprtje-zascitne-stavbe_-4.-okt.-1954-1536x988.jpg 1536w\" sizes=\"(max-width: 300px) 100vw, 300px\" \/><\/a><\/p>\n"},"caption":{"rendered":""},"alt_text":"","media_type":"image","mime_type":"image\/jpeg","media_details":{"width":2560,"height":1647,"file":"2021\/03\/4-slovenska-pec-odprtje-zascitne-stavbe_-4.-okt.-1954-scaled.jpg","sizes":{"medium":{"file":"4-slovenska-pec-odprtje-zascitne-stavbe_-4.-okt.-1954-300x193.jpg","width":300,"height":193,"mime_type":"image\/jpeg","source_url":"https:\/\/mro.si\/mro20\/wp-content\/uploads\/2021\/03\/4-slovenska-pec-odprtje-zascitne-stavbe_-4.-okt.-1954-300x193.jpg"},"large":{"file":"4-slovenska-pec-odprtje-zascitne-stavbe_-4.-okt.-1954-1024x659.jpg","width":1024,"height":659,"mime_type":"image\/jpeg","source_url":"https:\/\/mro.si\/mro20\/wp-content\/uploads\/2021\/03\/4-slovenska-pec-odprtje-zascitne-stavbe_-4.-okt.-1954-1024x659.jpg"},"thumbnail":{"file":"4-slovenska-pec-odprtje-zascitne-stavbe_-4.-okt.-1954-150x150.jpg","width":150,"height":150,"mime_type":"image\/jpeg","source_url":"https:\/\/mro.si\/mro20\/wp-content\/uploads\/2021\/03\/4-slovenska-pec-odprtje-zascitne-stavbe_-4.-okt.-1954-150x150.jpg"},"medium_large":{"file":"4-slovenska-pec-odprtje-zascitne-stavbe_-4.-okt.-1954-768x494.jpg","width":768,"height":494,"mime_type":"image\/jpeg","source_url":"https:\/\/mro.si\/mro20\/wp-content\/uploads\/2021\/03\/4-slovenska-pec-odprtje-zascitne-stavbe_-4.-okt.-1954-768x494.jpg"},"1536x1536":{"file":"4-slovenska-pec-odprtje-zascitne-stavbe_-4.-okt.-1954-1536x988.jpg","width":1536,"height":988,"mime_type":"image\/jpeg","source_url":"https:\/\/mro.si\/mro20\/wp-content\/uploads\/2021\/03\/4-slovenska-pec-odprtje-zascitne-stavbe_-4.-okt.-1954-1536x988.jpg"},"2048x2048":{"file":"4-slovenska-pec-odprtje-zascitne-stavbe_-4.-okt.-1954-2048x1318.jpg","width":2048,"height":1318,"mime_type":"image\/jpeg","source_url":"https:\/\/mro.si\/mro20\/wp-content\/uploads\/2021\/03\/4-slovenska-pec-odprtje-zascitne-stavbe_-4.-okt.-1954-2048x1318.jpg"},"portfolio-full":{"file":"4-slovenska-pec-odprtje-zascitne-stavbe_-4.-okt.-1954-940x400.jpg","width":940,"height":400,"mime_type":"image\/jpeg","source_url":"https:\/\/mro.si\/mro20\/wp-content\/uploads\/2021\/03\/4-slovenska-pec-odprtje-zascitne-stavbe_-4.-okt.-1954-940x400.jpg"},"portfolio-one":{"file":"4-slovenska-pec-odprtje-zascitne-stavbe_-4.-okt.-1954-540x272.jpg","width":540,"height":272,"mime_type":"image\/jpeg","source_url":"https:\/\/mro.si\/mro20\/wp-content\/uploads\/2021\/03\/4-slovenska-pec-odprtje-zascitne-stavbe_-4.-okt.-1954-540x272.jpg"},"portfolio-two":{"file":"4-slovenska-pec-odprtje-zascitne-stavbe_-4.-okt.-1954-460x295.jpg","width":460,"height":295,"mime_type":"image\/jpeg","source_url":"https:\/\/mro.si\/mro20\/wp-content\/uploads\/2021\/03\/4-slovenska-pec-odprtje-zascitne-stavbe_-4.-okt.-1954-460x295.jpg"},"portfolio-three":{"file":"4-slovenska-pec-odprtje-zascitne-stavbe_-4.-okt.-1954-300x214.jpg","width":300,"height":214,"mime_type":"image\/jpeg","source_url":"https:\/\/mro.si\/mro20\/wp-content\/uploads\/2021\/03\/4-slovenska-pec-odprtje-zascitne-stavbe_-4.-okt.-1954-300x214.jpg"},"portfolio-five":{"file":"4-slovenska-pec-odprtje-zascitne-stavbe_-4.-okt.-1954-177x142.jpg","width":177,"height":142,"mime_type":"image\/jpeg","source_url":"https:\/\/mro.si\/mro20\/wp-content\/uploads\/2021\/03\/4-slovenska-pec-odprtje-zascitne-stavbe_-4.-okt.-1954-177x142.jpg"},"blog-large":{"file":"4-slovenska-pec-odprtje-zascitne-stavbe_-4.-okt.-1954-669x272.jpg","width":669,"height":272,"mime_type":"image\/jpeg","source_url":"https:\/\/mro.si\/mro20\/wp-content\/uploads\/2021\/03\/4-slovenska-pec-odprtje-zascitne-stavbe_-4.-okt.-1954-669x272.jpg"},"blog-medium":{"file":"4-slovenska-pec-odprtje-zascitne-stavbe_-4.-okt.-1954-320x202.jpg","width":320,"height":202,"mime_type":"image\/jpeg","source_url":"https:\/\/mro.si\/mro20\/wp-content\/uploads\/2021\/03\/4-slovenska-pec-odprtje-zascitne-stavbe_-4.-okt.-1954-320x202.jpg"},"recent-posts":{"file":"4-slovenska-pec-odprtje-zascitne-stavbe_-4.-okt.-1954-700x441.jpg","width":700,"height":441,"mime_type":"image\/jpeg","source_url":"https:\/\/mro.si\/mro20\/wp-content\/uploads\/2021\/03\/4-slovenska-pec-odprtje-zascitne-stavbe_-4.-okt.-1954-700x441.jpg"},"recent-works-thumbnail":{"file":"4-slovenska-pec-odprtje-zascitne-stavbe_-4.-okt.-1954-66x66.jpg","width":66,"height":66,"mime_type":"image\/jpeg","source_url":"https:\/\/mro.si\/mro20\/wp-content\/uploads\/2021\/03\/4-slovenska-pec-odprtje-zascitne-stavbe_-4.-okt.-1954-66x66.jpg"},"fusion-200":{"file":"4-slovenska-pec-odprtje-zascitne-stavbe_-4.-okt.-1954-200x129.jpg","width":200,"height":129,"mime_type":"image\/jpeg","source_url":"https:\/\/mro.si\/mro20\/wp-content\/uploads\/2021\/03\/4-slovenska-pec-odprtje-zascitne-stavbe_-4.-okt.-1954-200x129.jpg"},"fusion-400":{"file":"4-slovenska-pec-odprtje-zascitne-stavbe_-4.-okt.-1954-400x257.jpg","width":400,"height":257,"mime_type":"image\/jpeg","source_url":"https:\/\/mro.si\/mro20\/wp-content\/uploads\/2021\/03\/4-slovenska-pec-odprtje-zascitne-stavbe_-4.-okt.-1954-400x257.jpg"},"fusion-600":{"file":"4-slovenska-pec-odprtje-zascitne-stavbe_-4.-okt.-1954-600x386.jpg","width":600,"height":386,"mime_type":"image\/jpeg","source_url":"https:\/\/mro.si\/mro20\/wp-content\/uploads\/2021\/03\/4-slovenska-pec-odprtje-zascitne-stavbe_-4.-okt.-1954-600x386.jpg"},"fusion-800":{"file":"4-slovenska-pec-odprtje-zascitne-stavbe_-4.-okt.-1954-800x515.jpg","width":800,"height":515,"mime_type":"image\/jpeg","source_url":"https:\/\/mro.si\/mro20\/wp-content\/uploads\/2021\/03\/4-slovenska-pec-odprtje-zascitne-stavbe_-4.-okt.-1954-800x515.jpg"},"fusion-1200":{"file":"4-slovenska-pec-odprtje-zascitne-stavbe_-4.-okt.-1954-1200x772.jpg","width":1200,"height":772,"mime_type":"image\/jpeg","source_url":"https:\/\/mro.si\/mro20\/wp-content\/uploads\/2021\/03\/4-slovenska-pec-odprtje-zascitne-stavbe_-4.-okt.-1954-1200x772.jpg"},"full":{"file":"4-slovenska-pec-odprtje-zascitne-stavbe_-4.-okt.-1954-scaled.jpg","width":2560,"height":1647,"mime_type":"image\/jpeg","source_url":"https:\/\/mro.si\/mro20\/wp-content\/uploads\/2021\/03\/4-slovenska-pec-odprtje-zascitne-stavbe_-4.-okt.-1954-scaled.jpg"}},"image_meta":{"aperture":"0","credit":"","camera":"","caption":"","created_timestamp":"0","copyright":"","focal_length":"0","iso":"0","shutter_speed":"0","title":"","orientation":"1","keywords":[]},"original_image":"4-slovenska-pec-odprtje-zascitne-stavbe_-4.-okt.-1954.jpg"},"post":null,"source_url":"https:\/\/mro.si\/mro20\/wp-content\/uploads\/2021\/03\/4-slovenska-pec-odprtje-zascitne-stavbe_-4.-okt.-1954-scaled.jpg"}

4 slovenska peč-odprtje zaščitne stavbe_ 4. okt. 1954
